 by 60?
7
What is the remainder when 439 is divided by -3 - (-11 - 6) - -47?
12
Let s(l) be the second derivative of l**3/2 - 4*l. Let j = -108 - -122. What is the remainder when j is divided by s(3)?
5
Suppose -54 - 4 = -2*w. Let k(s) = 3*s**3 + 60*s**2 + 32*s - 102. Calculate the remainder when k(-19) is divided by w.
25
Let y = 14089 - 11235. What is the remainder when y is divided by 110?
104
Suppose r - 59*h + 56*h - 71 = 0, 0 = 8*r - 3*h - 589. Calculate the remainder when 95 is divided by r.
21
Suppose -514 = 3*x + 167. Let i = 276 + x. What is the remainder when 732 is divided by i?
46
Suppose 475 = 3*v - 5*k, 5*k + 815 = 52*v - 47*v. Calculate the remainder when v is divided by 55.
5
Let f(c) = -2*c**3 + 13*c**2 - 8*c + 6. Let l = 9 - 3. Let r be f(l). Calculate the remainder when 48 is divided by ((-15)/r)/(2/20).
23
Let q = 18 + 5. Let s = 54629 - 54541. What is the remainder when s is divided by q?
19
Let q = -34 + 45. Suppose 0 = -q*l + 14*l - 33. Calculate the remainder when 96 is divided by 10/(-55) - (-156)/l.
12
What is the remainder when (12122/16 - -1) + (-48)/(-6144)*48 is divided by 4?
3
Let f = -64 - -54. Calculate the remainder when 203 is divided by 67 - 25/f*12/10.
63
Let o be (-72)/(-30)*(-25)/(-10). Suppose -9*v - o*v + 1035 = 0. Calculate the remainder when v is divided by 29.
11
Let i(l) = l + 33. Let x = -14249 + 14875. Calculate the remainder when x is divided by i(0).
32
Let t = -136 - -80. Calculate the remainder when 67 is divided by ((-210)/t)/((-2)/(-8)).
7
What is the remainder when 2773 is divided by (-4)/(-10) - 74424/(-2215)?
19
Suppose 70 = 2*j - 37*f + 40*f, 4*f = j - 57. What is the remainder when j is divided by 19?
3
Let a = 33 - 17. Suppose -4*b = w - 642, b + b = -3*w + 326. Let t = -83 + b. Calculate the remainder when t is divided by a.
13
Let m = -2 - -7. Let t be 26/6 + 10/15. Let h(d) = 3*d**2 - 2*d - 7. What is the remainder when h(t) is divided by m?
3
Let h(i) be the third derivative of -38*i**2 + 0*i + 1/2*i**3 - 1/10*i**5 - 1/120*i**6 + 0 + 5/24*i**4. Calculate the remainder when 152 is divided by h(-7).
16
Suppose 0 = -453*u + 443*u + 1660. Suppose 0 = -4*p + o + 237, 0*o - o - 295 = -5*p. What is the remainder when u is divided by p?
50
Let q be ((-2)/(-4))/((-1)/(-2)). Let h(y) = 46*y - 11. Calculate the remainder when 64 is divided by h(q).
29
Let x = -10 - -15. Let z(m) be the first derivative of 7*m**2/2 + 10*m + 55. Calculate the remainder when z(0) is divided by x.
0
Suppose 32 = 13*j - 5*j. Suppose -j*t = 5*t - 360. What is the remainder when t is divided by 10?
0
Suppose 5*p = -3*s + 71, -4*s - s + 65 = -5*p. Suppose 530 - 44 = 6*c. What is the remainder when c is divided by s?
13
Suppose 0 = -c + 3*y + 14, -4*y = -9 + 1. Let a be ((-1050)/c)/(2/(-4)). What is the remainder when 22 is divided by 116/14 + 10/a*-3?
6
Let n = -163 - -136. Calculate the remainder when 29 is divided by (2 - -7)*(-24)/n.
5
Let w(s) = 3*s**2 - 3*s + 2. Let a be w(1). Suppose 0 = 4*f - q - 51 - 58, -a*f + 62 = -2*q. Calculate the remainder when 74 is divided by f.
22
Suppose -45*g = -9*g - 21*g - 7335. What is the remainder when g is divided by 158?
15
Suppose -104*k + 5*q + 867 = -103*k, -3*k = -5*q - 2561. Calculate the remainder when 3403 is divided by k.
15
What is the remainder when 728 + 8 + -9 + (-5)/(5/1) is divided by 14?
12
Calculate the remainder when 479 is divided by (-74)/(-259)*(3 + 25).
7
Suppose 4911 = 5*s + 1646. Let g = s + -456. Calculate the remainder when g is divided by 18.
17
Let t(x) = 8*x. Let l be t(2). Let q be 2/l + (-8)/64. Suppose q = d - 36 - 39. Calculate the remainder when d is divided by 19.
18
Suppose 6*m - 45 = 3*m. Let o(y) = y**2 + 249*y + 1961. What is the remainder when o(-8) is divided by m?
3
What is the remainder when 66 is divided by (-378)/(-1386) - (-184)/11?
15
Let s = -5216 - -5250. What is the remainder when 237 is divided by s?
33
Let w = 178 + -105. Let f(u) = 6*u**3 + u. Let d be f(1). Suppose d*o - 114 = 19. What is the remainder when w is divided by o?
16
Let g(s) = 19*s - 66. What is the remainder when 1592 is divided by g(5)?
26
Let z = 47 - 19. Let x(k) = -k**2 + 13*k + 32. Let q be x(15). Suppose -2*w = -2*j + 12 + 16, -w + 16 = q*j. What is the remainder when z is divided by j?
8
Suppose y + 3*w - 306 = -2*y, 3*y - 5*w = 282. Let g be (7 - 6)*((-1)/5 + 3756/30). Let t = g - y. Calculate the remainder when 257 is divided by t.
23
Suppose 2*m + 50 - 144 = 0. Calculate the remainder when m is divided by (-8)/36 + 2 + (-330)/(-27).
5
Let v(x) = 2*x**2 - 5*x + 3. Let y be 10/4 + (-3)/(-2). Suppose 5*g = -a - 17, -y*g - 25 = -4*a + 3. Calculate the remainder when 29 is divided by v(a).
5
Suppose -a - 9071 = -12*w + 6225, -3*a + 12 = 0. What is the remainder when w is divided by 100?
75
Suppose 3*k = -2*y + 63, -4*k - 20 = -3*y + 49. Calculate the remainder when (-1262)/(-12) + (-240)/(-288) is divided by y.
25
Let o = 3486 + -3274. Calculate the remainder when o is divided by 47.
24
Let x(y) = y**2 - 1. Let s be x(-1). Suppose -26*i + 3526 + 1622 = 0. Suppose s*m + 11*m - i = 0. What is the remainder when m is divided by 11?
7
Let g(k) = -k**2 - 10*k - 16. Let n = 155 - 140. What is the remainder when n is divided by g(-4)?
7
Let x(t) = t**2 + 25*t - 46. Calculate the remainder when x(-30) is divided by 21.
20
Let r = -631 - -682. What is the remainder when 373 is divided by r?
16
Let v(m) = -6*m**3 - m**2 + 1. Suppose -4*a - 5 = a. Let d = 45301 - 45286. Calculate the remainder when d is divided by v(a).
3
Let b = 123 - 60. Suppose -558 = -31*l + 25*l. Let m = l - b. Calculate the remainder when 57 is divided by m.
27
Let y(a) = a**2 - 40*a - 165. What is the remainder when 2325 is divided by y(-6)?
105
Suppose -723 = -37*p - 484 + 612. Calculate the remainder when 47 is divided by p.
1
Suppose 83*l + 55*l - 5520 = 0. Calculate the remainder when 1113 is divided by l.
33
Suppose -3*l = -0*l - 162. Let u(b) = b**3 + 9*b**2 - 21*b + 6. Let x be u(-11). Let r = 19 + x. Calculate the remainder when l is divided by r.
12
Calculate the remainder when 175 is divided by -3 + (-186)/(-9) + (-1 - (-8)/24).
5
Suppose 0 = 3*j - 0*j - 5*c - 32, -4*c = 3*j + 4. Suppose h - x - 2 = 0, -j = -4*h + 3*x + 2*x. What is the remainder when 32 is divided by h?
2
Let d = 143 + 42. Calculate the remainder when d is divided by -7*(-671)/77 - (-9 - -7).
59
Suppose 3*y - 118 = -4*k, -4*y + 25*k - 26*k = -166. Calculate the remainder when 796 is divided by y.
40
Suppose -7112 = -1483*r + 1455*r. Calculate the remainder when 766 is divided by r.
4
What is the remainder when 30*(-1)/(3/(-7)) is divided by 2 + (-33)/(2673/(-576)) - (-2)/(-18)?
7
Suppose 2*x = 4*x - 42. Calculate the remainder when (19 + -25 - -18) + 21 is divided by x.
12
Let o(p) = 7*p - 22. Suppose 2*d = 22 - 8. Suppose 6*w + d = 7*w. What is the remainder when 53 is divided by o(w)?
26
What is the remainder when 2456 is divided by (280/50)/((-24)/(-90))?
20
Let z be -1 - 6/(-3) - -1. Suppose 0 = 2*j, 2*j = -z*u - 3*j + 54. What is the remainder when 3 - -100 - 12/(-6) is divided by u?
24
Calculate the remainder when 348 is divided by (36/1)/(1*7 - 1122/204).
12
Suppose -24 = -3*d - 0. Suppose 415 = 3*t - d*t. Let g = t - -124. What is the remainder when g is divided by 22?
19
Suppose q - 7 = t, -97*q + 96*q + 5*t + 7 = 0. Calculate the remainder when 1517 is divided by q.
5
Suppose 0 = 68*k - 20*k + 27*k - 4425. What is the remainder when 1456 is divided by k?
40
Suppose -a - 1 = -34. Suppose -10*d + 41 = 1. Calculate the remainder when a is divided by d*1 + (-1 + 13)/3.
1
Let h = -11721 + 11859. What is the remainder when h is divided by 112?
26
Suppose -104*r + 55*r + 2693 = -12693. What is the remainder when r is divided by 86?
56
Let w = -24677 + 25560. What is the remainder when w is divided by 152?
123
Suppose 0 = -3*o - 4*o + 315. Suppose 21*u = -45*u + 396. What is the remainder when o is divided by u?
3
Let h = -207 + 171. What is the remainder when 14 is divided by h/(-6) + 8 - 6?
6
Suppose -3*x + 9 = 39, 61 - 621 = -5*l + 2*x. Suppose -4*a + 2603 = 3*s - 0*s, 0 = a - 2*s - 637. Calculate the remainder when a is divided by l.
107
Suppose 5*u = -5*p - 19 + 104, -4*p + 96 = -3*u. Calculate the re